What is the highest common divisor of 85 and 2871147?
17
What is the highest common factor of 268870 and 154560?
1610
Calculate the highest common divisor of 148414 and 12740.
14
What is the highest common divisor of 86 and 7556261?
43
Calculate the greatest common factor of 9016 and 298724.
92
Calculate the highest common divisor of 1710 and 12211680.
570
What is the highest common factor of 5331 and 155899764?
5331
Calculate the highest common factor of 8540544 and 37248.
384
Calculate the greatest common factor of 25852 and 24.
4
What is the greatest common factor of 25232 and 124904708?
6308
What is the greatest common factor of 1248 and 440767392?
1248
Calculate the highest common divisor of 633139 and 7345.
1469
Calculate the greatest common divisor of 260 and 8239205.
65
What is the highest common divisor of 1304856 and 2856?
168
Calculate the greatest common factor of 473 and 3679148.
11
What is the highest common factor of 34102 and 425714?
34
What is the highest common factor of 63068619 and 3895?
779
Calculate the greatest common divisor of 5033735 and 2485.
35
What is the highest common factor of 456056 and 238056?
872
Calculate the highest common factor of 175 and 181945.
5
Calculate the greatest common divisor of 37924 and 975308.
76
What is the greatest common factor of 189 and 32387175?
27
What is the greatest common divisor of 21115 and 64776597?
4223
Calculate the highest common factor of 6168092 and 940.
188
Calculate the highest common factor of 115 and 558955.
5
Calculate the highest common divisor of 60 and 42059010.
30
Calculate the greatest common divisor of 1197 and 99729.
63
Calculate the highest common divisor of 551 and 2241439.
29
What is the highest common factor of 85 and 22825339?
17
Calculate the highest common divisor of 16299 and 6028819.
1811
Calculate the highest common factor of 382 and 11018599.
191
Calculate the highest common divisor of 314010 and 11070.
270
What is the greatest common divisor of 280 and 7978565?
35
Calculate the highest common divisor of 3157 and 16982.
7
Calculate the highest common divisor of 585875 and 20165.
545
Calculate the greatest common divisor of 462 and 47668060.
22
Calculate the highest common divisor of 95 and 720490982.
19
Calculate the highest common divisor of 6787 and 212663.
11
What is the highest common factor of 28723226 and 2408?
602
What is the highest common factor of 348 and 19986597?
87
Calculate the highest common divisor of 7998657 and 10485.
699
Calculate the highest common divisor of 76 and 180269872.
76
Calculate the highest common divisor of 36540 and 34343946.
3654
Calculate the highest common divisor of 167346252 and 828.
828
What is the greatest common factor of 50507510 and 38?
38
What is the greatest common factor of 23170 and 10352356?
4634
What is the greatest common factor of 330 and 1018570?
10
What is the greatest common divisor of 73098 and 46314?
558
What is the highest common divisor of 4718980 and 196?
28
Calculate the highest common divisor of 9747 and 2826.
9
Calculate the greatest common factor of 1475 and 38981300.
1475
Calculate the highest common divisor of 25596183 and 696.
87
Calculate the highest common factor of 220 and 85123340.
20
What is the highest common factor of 28832 and 20631098?
1802
Calculate the greatest common factor of 7999980 and 1014720.
9060
Calculate the highest common factor of 1154176620 and 24.
12
Calculate the highest common divisor of 120 and 5075205.
15
What is the greatest common divisor of 522 and 473238?
18
Calculate the highest common divisor of 53172 and 2399292.
252
Calculate the highest common factor of 221886 and 238.
14
Calculate the highest common divisor of 4619729 and 5829.
29
Calculate the greatest common divisor of 17969960 and 215.
5
What is the highest common factor of 545 and 2711266?
109
Calculate the highest common factor of 62419 and 1028748.
259
What is the greatest common factor of 27 and 451193823?
9
Calculate the greatest common divisor of 42 and 9219594.
6
What is the highest common factor of 2047 and 1404331?
89
What is the highest common divisor of 2105 and 3665?
5
Calculate the greatest common divisor of 6048 and 44592.
48
Calculate the greatest common divisor of 112506839 and 398.
199
What is the greatest common factor of 12947844 and 4?
4
What is the highest common factor of 139834 and 15623180?
1006
Calculate the highest common divisor of 3003 and 52689.
273
Calculate the highest common factor of 9090 and 10806210.
90
Calculate the greatest common divisor of 1133040 and 624.
48
What is the highest common divisor of 107692 and 37544?
988
What is the highest common divisor of 7785 and 5035165?
865
Calculate the greatest common divisor of 17810 and 250978.
26
Calculate the greatest common divisor of 16509 and 20729801.
5503
What is the greatest common divisor of 2856 and 109919586?
714
What is the greatest common factor of 4239444 and 1056?
132
Calculate the greatest common divisor of 41707878 and 30102.
1038
What is the highest common factor of 5882 and 14652754?
346
Calculate the highest common factor of 209 and 5474546.
209
What is the highest common divisor of 175 and 1701139475?
175
Calculate the greatest common factor of 113836 and 87860.
764
Calculate the highest common divisor of 3530 and 101380894.
706
What is the greatest common factor of 27342 and 241862?
62
Calculate the highest common factor of 3462243 and 27.
3
Calculate the highest common divisor of 532 and 6150011.
7
Calculate the highest common factor of 536863222 and 8155.
1631
What is the greatest common divisor of 25 and 1482975?
25
What is the highest common factor of 43041199 and 6998?
3499
What is the greatest common factor of 7242966 and 20952?
54
What is the greatest common divisor of 226888340 and 140?
140
What is the highest common divisor of 133160 and 786280?
40
What is the highest common factor of 279 and 9374121?
279
What is the highest common factor of 72 and 520088?
8
What is the highest common factor of 131628890 and 10?
10
Calculate the greatest common factor of 2663161 and 94.
47
What is the highest common divisor of 4040 and 419158585?
505
Calculate the greatest common divisor of 4580289 and 14283.
207
Calculate the highest common factor of 1415215 and 2445.
5
What is the highest common factor of 990 and 1693824?
66
Calculate the greatest common factor of 3864894 and 6138.
2046
What is the greatest common divisor of 265 and 265286200?
265
Calculate the highest common factor of 706401041 and 118.
59
Calculate the highest common divisor of 1282 and 97727501.
641
What is the greatest common divisor of 123505 and 493?
17
What is the highest common divisor of 639 and 1563988?
71
Calculate the greatest common factor of 99218221 and 9507.
3169
What is the greatest common factor of 2103569 and 97747?
1339
Calculate the greatest common divisor of 11016807 and 1052.
263
Calculate the highest common divisor of 12286390 and 430.
430
What is the greatest common factor of 615486 and 1406?
38
Calculate the highest common divisor of 18 and 1920183.
3
What is the highest common factor of 259 and 19742513?
7
Calculate the greatest common factor of 93632 and 26632.
8
What is the highest common divisor of 1340535 and 19635?
1785
What is the greatest common factor of 2487301102 and 3718?
3718
Calculate the highest common divisor of 3717913 and 485.
97
What is the highest common factor of 426240 and 211788?
1332
What is the highest common divisor of 265 and 8835895?
265
Calculate the greatest common divisor of 113 and 12063767.
113
What is the greatest common factor of 25567 and 309172?
37
Calculate the greatest common factor of 1857835 and 2254.
49
What is the highest common divisor of 833898 and 38142?
78
What is the greatest common factor of 61479942 and 348?
174
What is the highest common factor of 275 and 1441?
11
Calculate the greatest common factor of 1672 and 1631498.
22
What is the greatest common factor of 2006 and 207808?
34
Calculate the highest common factor of 3 and 4866314.
1
Calculate the highest common divisor of 2673 and 565080219.
2673
What is the highest common factor of 2482129788 and 12?
12
Calculate the greatest common divisor of 136 and 301060922.
34
Calculate the greatest common divisor